 of 1793933?
631, 2843
What are the prime factors of 31113749?
31113749
What are the prime factors of 21624592?
2, 11, 122867
What are the prime factors of 16576?
2, 7, 37
List the prime factors of 4287155.
5, 857431
List the prime factors of 3038898.
2, 3, 19, 23, 61
List the prime factors of 1082985.
3, 5, 17, 31, 137
What are the prime factors of 734625?
3, 5, 653
What are the prime factors of 347375?
5, 7, 397
What are the prime factors of 15449583?
3, 17, 23, 13171
What are the prime factors of 31654419?
3, 41, 257353
What are the prime factors of 1569218?
2, 7, 112087
What are the prime factors of 3283912?
2, 410489
What are the prime factors of 3748680?
2, 3, 5, 13, 89
List the prime factors of 347877.
3, 38653
What are the prime factors of 664853?
7, 17, 37, 151
What are the prime factors of 189785?
5, 37957
List the prime factors of 736577.
736577
List the prime factors of 1639970.
2, 5, 163997
What are the prime factors of 8833247?
8833247
List the prime factors of 6775462.
2, 3387731
List the prime factors of 458349.
3, 152783
What are the prime factors of 3482653?
47, 74099
What are the prime factors of 1889613?
3, 11, 19087
What are the prime factors of 170801?
170801
List the prime factors of 726865.
5, 37, 3929
What are the prime factors of 3141788?
2, 13, 31, 1949
List the prime factors of 6804395.
5, 13, 104683
What are the prime factors of 90835?
5, 37, 491
List the prime factors of 13418336.
2, 109, 3847
List the prime factors of 42201.
3, 521
List the prime factors of 135333.
3, 11, 1367
What are the prime factors of 446383?
7, 43, 1483
What are the prime factors of 8725874?
2, 809, 5393
What are the prime factors of 9380?
2, 5, 7, 67
List the prime factors of 6135525.
3, 5, 11, 37, 67
List the prime factors of 7812983.
7812983
What are the prime factors of 497364?
2, 3, 7, 31, 191
List the prime factors of 30878552.
2, 3859819
List the prime factors of 1632002.
2, 251, 3251
List the prime factors of 14078.
2, 7039
What are the prime factors of 21836341?
47, 464603
What are the prime factors of 409137?
3, 136379
What are the prime factors of 9450965?
5, 1890193
List the prime factors of 449609.
449609
What are the prime factors of 1335151?
127, 10513
List the prime factors of 10496147.
587, 17881
What are the prime factors of 475618?
2, 11, 13, 1663
What are the prime factors of 788279?
23, 34273
List the prime factors of 839269.
839269
What are the prime factors of 253242?
2, 3, 11, 1279
What are the prime factors of 5473190?
2, 5, 101, 5419
What are the prime factors of 3024238?
2, 7, 337, 641
What are the prime factors of 9572?
2, 2393
List the prime factors of 19461545.
5, 3892309
List the prime factors of 193111.
29, 6659
List the prime factors of 79875.
3, 5, 71
List the prime factors of 1146556.
2, 37, 61, 127
What are the prime factors of 200712?
2, 3, 8363
What are the prime factors of 9102895?
5, 1820579
What are the prime factors of 205188?
2, 3, 17099
List the prime factors of 3390764.
2, 13, 197, 331
What are the prime factors of 43785?
3, 5, 7, 139
List the prime factors of 2444575.
5, 7, 61, 229
What are the prime factors of 891706?
2, 445853
What are the prime factors of 689076?
2, 3, 19141
List the prime factors of 1106669.
29, 31, 1231
List the prime factors of 2168567.
2168567
What are the prime factors of 199296?
2, 3, 173
What are the prime factors of 127905?
3, 5, 8527
What are the prime factors of 794990?
2, 5, 7, 41, 277
What are the prime factors of 4281228?
2, 3, 7, 809
List the prime factors of 1018053.
3, 113117
List the prime factors of 9597738.
2, 3, 251, 6373
List the prime factors of 58281.
3, 19427
What are the prime factors of 160384?
2, 7, 179
List the prime factors of 8743066.
2, 17, 137, 1877
What are the prime factors of 1989693?
3, 221077
What are the prime factors of 96767?
11, 19, 463
List the prime factors of 4615655.
5, 11, 83921
What are the prime factors of 761940?
2, 3, 5, 17, 83
What are the prime factors of 386476?
2, 53, 1823
What are the prime factors of 1958016?
2, 3, 5099
What are the prime factors of 7242323?
11, 17, 38729
What are the prime factors of 2469755?
5, 211, 2341
What are the prime factors of 13467463?
277, 48619
What are the prime factors of 62158?
2, 31079
What are the prime factors of 134775?
3, 5, 599
List the prime factors of 415361.
17, 53, 461
List the prime factors of 20178812.
2, 79, 63857
List the prime factors of 9009206.
2, 4504603
List the prime factors of 1252731.
3, 417577
What are the prime factors of 1394708?
2, 7, 49811
What are the prime factors of 37065?
3, 5, 7, 353
What are the prime factors of 7778105?
5, 257, 6053
What are the prime factors of 2098219?
557, 3767
What are the prime factors of 48451?
13, 3727
List the prime factors of 1422385.
5, 284477
List the prime factors of 321597.
3, 43, 277
List the prime factors of 21377930.
2, 5, 7, 29, 10531
What are the prime factors of 163295?
5, 11, 2969
List the prime factors of 273474.
2, 3, 15193
What are the prime factors of 954722?
2, 477361
List the prime factors of 21372796.
2, 19, 23, 12227
List the prime factors of 1306160.
2, 5, 29, 563
List the prime factors of 513284.
2, 128321
List the prime factors of 159965.
5, 13, 23, 107
What are the prime factors of 7727600?
2, 5, 19319
What are the prime factors of 35669422?
2, 19, 97, 9677
List the prime factors of 9221236.
2, 163, 14143
List the prime factors of 112583.
112583
List the prime factors of 2587778.
2, 53, 24413
List the prime factors of 181124.
2, 45281
List the prime factors of 490778.
2, 245389
What are the prime factors of 9286032?
2, 3, 7, 29, 953
What are the prime factors of 9600430?
2, 5, 7, 23, 67, 89
What are the prime factors of 2479621?
139, 17839
What are the prime factors of 17756770?
2, 5, 199, 8923
List the prime factors of 27472408.
2, 17, 79, 2557
What are the prime factors of 649908?
2, 3, 7, 2579
What are the prime factors of 199865?
5, 71, 563
What are the prime factors of 1144343?
1144343
What are the prime factors of 578731?
17, 59, 577
What are the prime factors of 292100?
2, 5, 23, 127
List the prime factors of 3943125.
3, 5, 701
List the prime factors of 14777107.
14777107
List the prime factors of 2875010.
2, 5, 287501
List the prime factors of 9690714.
2, 3, 11, 17, 2879
List the prime factors of 3842775.
3, 5, 5693
What are the prime factors of 3079964?
2, 83, 9277
List the prime factors of 193368.
2, 3, 7, 1151
What are the prime factors of 671724?
2, 3, 47, 397
List the prime factors of 13963.
13963
What are the prime factors of 369344?
2, 29, 199
What are the prime factors of 1500375?
3, 5, 4001
What are the prime factors of 263306?
2, 173, 761
List the prime factors of 4404766.
2, 953, 2311
List the prime factors of 2027566.
2, 19, 229, 233
List the prime factors of 861782.
2, 430891
What are the prime factors of 5300?
2, 5, 53
List the prime factors of 2590258.
2, 11, 281, 419
What are the prime factors of 9394018?
2, 19, 269, 919
List the prime factors of 356739.
3, 118913
What are the prime factors of 923691?
3, 47, 6551
What are the prime factors of 2654750?
2, 5, 7, 37, 41
List the prime factors of 210914.
2, 11, 9587
What are the prime factors of 97304?
2, 12163
What are the prime factors of 1557201?
3, 519067
What are the prime factors of 2081318?
2, 1040659
List the prime factors of 91783.
17, 5399
What are the prime factors of 746995?
5, 149399
List the prime factors of 629143.
629143
List the prime factors of 2461896.
2, 3, 31, 1103
What are the prime factors of 31896?
2, 3, 443
What are the prime factors of 18227098?
2, 43, 211943
What are the prime factors of 34342?
2, 7, 11, 223
What are the prime factors of 3746678?
2, 13, 144103
List the prime factors of 39618565.
5, 7, 1131959
List the prime factors of 2696075.
5, 107843
List the prime factors of 1027178.
2, 19, 27031
List the prime factors of 11794.
2, 5897
List the prime factors of 427553.
7, 103, 593
What are the prime factors of 909568?
2, 11, 17, 19
List the prime factors of 11622074.
2, 193, 30109
List the prime factors of 165647.
151, 1097
What are the prime factors of 355545?
3, 5, 7901
List the prime factors of 214522.
2, 7, 11, 199
What are the prime factors of 1042889?
23, 45343
What are the prime factors of 24664